f 1684076 and 4?
4
What is the greatest common factor of 207 and 1421538?
69
Calculate the greatest common factor of 72 and 505044.
36
What is the highest common factor of 44676 and 11628?
612
Calculate the highest common factor of 936 and 106938.
234
What is the greatest common factor of 9 and 22809?
3
What is the greatest common divisor of 125 and 52460?
5
Calculate the greatest common divisor of 3782109 and 51.
51
Calculate the highest common divisor of 448 and 30982.
14
What is the highest common divisor of 296629 and 74?
37
Calculate the greatest common factor of 3488 and 8938.
218
Calculate the greatest common divisor of 284625 and 132.
33
Calculate the highest common divisor of 786 and 477495.
393
What is the greatest common factor of 70 and 1849246?
14
Calculate the greatest common factor of 2105 and 10.
5
Calculate the greatest common divisor of 4089 and 112317.
87
Calculate the highest common divisor of 9101 and 684.
19
Calculate the highest common divisor of 44319 and 4424.
79
What is the highest common divisor of 3939 and 10908?
303
Calculate the highest common factor of 156 and 33436.
52
Calculate the greatest common factor of 64 and 87616.
64
What is the highest common factor of 56 and 1238024?
8
What is the greatest common divisor of 20 and 7405?
5
What is the greatest common factor of 5060 and 24104?
92
Calculate the greatest common divisor of 1208 and 305322.
302
What is the highest common divisor of 30 and 283455?
15
Calculate the highest common divisor of 469496 and 8.
8
What is the greatest common divisor of 663938 and 3809?
293
Calculate the greatest common factor of 6504 and 39295.
271
What is the greatest common factor of 272 and 892228?
68
What is the greatest common divisor of 832 and 42328?
104
What is the highest common divisor of 2041824 and 96?
96
What is the highest common divisor of 9 and 2831229?
9
Calculate the highest common factor of 1224004 and 372.
124
What is the highest common divisor of 2807 and 112?
7
Calculate the highest common factor of 4 and 345844.
4
Calculate the greatest common divisor of 279 and 150561.
9
Calculate the greatest common divisor of 3024 and 256.
16
What is the greatest common factor of 34 and 474232?
34
Calculate the greatest common divisor of 3458 and 8512.
266
What is the greatest common factor of 174 and 429?
3
Calculate the greatest common factor of 110 and 1752168.
22
Calculate the highest common factor of 33090 and 135.
15
Calculate the highest common divisor of 28 and 757722.
14
What is the highest common factor of 1360 and 31840?
80
What is the highest common divisor of 8073 and 972348?
897
What is the highest common factor of 363 and 88693?
121
Calculate the highest common factor of 35152 and 48.
16
Calculate the highest common factor of 212498 and 2002.
286
Calculate the greatest common factor of 28 and 450548.
28
What is the highest common divisor of 1968 and 1353?
123
What is the highest common factor of 14009840 and 40?
40
Calculate the greatest common divisor of 52480 and 1230.
410
Calculate the highest common factor of 4 and 36086.
2
What is the greatest common factor of 512 and 14800?
16
Calculate the highest common factor of 128092 and 124.
124
Calculate the highest common factor of 3960 and 293400.
360
What is the greatest common divisor of 6 and 9078?
6
What is the highest common factor of 1330576 and 832?
208
Calculate the greatest common factor of 882349 and 454.
227
What is the highest common factor of 25604 and 11072?
692
Calculate the highest common factor of 1765110 and 1020.
510
Calculate the highest common divisor of 775522 and 308.
22
Calculate the greatest common factor of 137760 and 240.
240
What is the highest common factor of 101972 and 624?
52
Calculate the highest common factor of 248 and 1079668.
124
What is the greatest common factor of 248 and 118528?
8
Calculate the highest common factor of 75 and 119370.
15
Calculate the greatest common divisor of 282839 and 113.
113
Calculate the highest common divisor of 6 and 48435.
3
Calculate the highest common divisor of 1476 and 340218.
738
What is the greatest common factor of 1468 and 2796?
4
What is the highest common factor of 290 and 128615?
145
Calculate the greatest common factor of 119309 and 687.
229
Calculate the highest common factor of 1681650 and 370.
370
What is the greatest common divisor of 8156 and 4?
4
What is the greatest common divisor of 3276 and 172809?
819
What is the greatest common divisor of 47 and 313067?
47
What is the greatest common factor of 316 and 25043?
79
What is the greatest common divisor of 530852 and 56?
28
What is the highest common divisor of 7 and 46396?
7
Calculate the highest common factor of 1544 and 584.
8
What is the highest common factor of 25 and 458165?
5
Calculate the highest common factor of 4188 and 24.
12
What is the highest common factor of 370 and 1167202?
74
Calculate the greatest common divisor of 3623335 and 395.
395
What is the greatest common factor of 110374 and 116?
58
Calculate the greatest common divisor of 23075 and 16969.
71
What is the highest common divisor of 9741 and 26358?
573
What is the greatest common divisor of 4086 and 1022862?
1362
Calculate the greatest common divisor of 27 and 72198.
27
What is the greatest common divisor of 41 and 112504?
41
What is the greatest common divisor of 1686806 and 22?
22
Calculate the greatest common divisor of 3 and 7290.
3
What is the highest common divisor of 584 and 19160?
8
Calculate the greatest common factor of 8265 and 9291.
57
What is the greatest common divisor of 256504 and 8?
8
Calculate the greatest common factor of 2700 and 14400.
900
Calculate the highest common divisor of 1509 and 315.
3
Calculate the greatest common factor of 1140 and 960.
60
Calculate the highest common factor of 27885166 and 82.
82
Calculate the greatest common divisor of 177903 and 891.
297
What is the greatest common divisor of 681 and 84?
3
What is the highest common divisor of 420 and 723296?
28
What is the highest common divisor of 474 and 83266?
158
What is the highest common factor of 1519 and 212877?
217
What is the highest common factor of 20195 and 11375?
35
What is the highest common divisor of 100487 and 3341?
257
Calculate the highest common divisor of 7 and 133630.
7
Calculate the greatest common divisor of 1848 and 27258.
462
What is the highest common divisor of 32 and 4621024?
32
What is the greatest common divisor of 67617 and 22?
11
What is the highest common divisor of 3140 and 68?
4
Calculate the greatest common divisor of 54944 and 2656.
32
Calculate the highest common factor of 48 and 989760.
48
What is the highest common factor of 1577569 and 518?
259
Calculate the highest common factor of 4880 and 23600.
80
What is the highest common factor of 1549681 and 749?
749
What is the greatest common divisor of 3737 and 7373?
101
Calculate the greatest common divisor of 812 and 26680.
116
Calculate the highest common factor of 1476 and 58302.
738
Calculate the greatest common divisor of 808 and 3067976.
808
Calculate the greatest common divisor of 1640 and 3587090.
410
Calculate the highest common divisor of 392 and 337708.
196
Calculate the greatest common divisor of 230112 and 25056.
288
Calculate the greatest common divisor of 81269 and 898.
449
What is the greatest common divisor of 144377 and 2824?
353
What is the greatest common factor of 14 and 19433764?
14
What is the greatest common factor of 156 and 3222687?
39
Calculate the highest common factor of 273 and 865158.
21
What is the greatest common divisor of 23 and 2125568?
23
What is the greatest common factor of 4796 and 220?
44
What is the greatest common divisor of 392 and 65016?
56
Calculate the greatest common divisor of 107496 and 828.
36
Calculate the greatest common divisor of 17355 and 273.
39
Calculate the highest common divisor of 33 and 104841.
33
Calculate the greatest common factor of 24157 and 5423.
493
Calculate the highest common factor of 1673 and 21.
7
Calculate the highest common divisor of 480 and 564.
12
What is the highest common factor of 816 and 4913?
17
Calculate the highest common divisor of 113312 and 160.
32
What is the greatest common divisor of 1890 and 1161405?
945
What is the highest common factor o